Let x be i/(-10) - (-2)/(-5). Suppose 3*h + 5*l - 22 = x, 2*h + 22 = 7*h + l. Is h prime?
False
Let t be (2*-17)/(2/(-4)). Let s = t + -22. Suppose -s - 29 = -3*p. Is p composite?
True
Suppose 5 - 3 = -2*a. Is a/(((-1)/1)/79) prime?
True
Let q = -83 + 142. Is q a composite number?
False
Let v = 357 - 235. Is v prime?
False
Let w be ((-2)/(-3))/((-8)/(-372)). Let q = 46 + w. Is q a prime number?
False
Let t(a) = -18*a**2 - 3*a - 7. Let l be t(5). Is (-1)/(-3) - l/6 prime?
True
Suppose p - 7*y + 2*y = -29, -4*p - 1 = 3*y. Let d = 98 + p. Is d composite?
True
Suppose -6 = 2*g, -2*g - 14 = 5*o + 17. Let d(f) = 12*f + 8*f**2 - 2*f**2 - 5*f + 4. Is d(o) a composite number?
True
Suppose -3*n = -2*n. Suppose n = -4*d + 329 + 307. Is -1 + 3/(-3) + d composite?
False
Let d(x) be the third derivative of x**6/120 - 4*x**5/15 - x**4/4 - 4*x**3 - 4*x**2. Is d(17) a composite number?
False
Suppose -16*x + 13*x = -471. Is x a prime number?
True
Suppose -602 = -f + 221. Suppose -5*k + 2248 = f. Let m = k - 190. Is m composite?
True
Suppose -i + 6*i - 23905 = 0. Is i composite?
True
Let u(s) = 4*s**2 - 37*s - 74. Is u(27) prime?
False
Is (4 - (-4 + 9))*-25 a composite number?
True
Let t = 7373 - 4804. Is t a prime number?
False
Let k(b) = -b - 1. Let n(r) = -r**3 + 10*r**2 + 13*r + 17. Let z(d) = -d + 1. Let l(i) = n(i) - 2*z(i). Let s(y) = 2*k(y) + l(y). Is s(10) a prime number?
False
Suppose -2*z = -3*z - 6. Is 0/1 + 193 + z a composite number?
True
Suppose 0 = -3*b - 0 + 3. Is (-3 - b)*(-1055)/20 prime?
True
Let d = 18 + -19. Is d - -4 - (-51 - -3) a composite number?
True
Suppose -46*a + 44*a = -446. Is a composite?
False
Suppose -4*v + 5*d + 49946 - 12721 = 0, 5*v + 5*d - 46520 = 0. Is v composite?
True
Let q(o) be the second derivative of o**5/20 - o**4/2 + o**3 - o**2/2 - 3*o. Is q(5) a composite number?
True
Suppose 3 = 6*v - 3*v + 3*n, 0 = -2*v - 4*n. Is (-6 + v + -3)*-1 a prime number?
True
Suppose -2*u - 346 - 6 = 0. Let l = u - -303. Is l a prime number?
True
Let p(t) = -19 + 11 + 41 + 76 - 2*t. Is p(0) prime?
True
Let w(g) = 10*g + 7. Is w(12) prime?
True
Suppose 5*r + 36 = -4*c, 6*r - 2*r + 28 = -3*c. Let v be c/(-1 - (-142)/146). Let u = 225 - v. Is u a composite number?
False
Let a be (-1 - -444)/(-5 + 6). Suppose -5*z + 22 = -a. Is z prime?
False
Suppose t = 3*t - 466. Is t a prime number?
True
Let a(s) = s**2 - 7*s. Let o be a(7). Suppose -221 = -b + u, o = b + 2*b - 2*u - 663. Is b prime?
False
Let m = -111 + 322. Is m prime?
True
Suppose -4*m + 22 = 6. Let b(k) = 3*k**3 - 4*k**2 + 3. Is b(m) a prime number?
True
Suppose -11701 = -11*i + 13962. Is i a composite number?
False
Suppose -5*s = -z - 11663, -1762 = 2*s + 5*z - 6438. Is s composite?
False
Let k = 611 - 184. Is k a prime number?
False
Let p(i) = 100*i - 13. Is p(2) prime?
False
Let a be -1 - -4 - (-1348)/(-1). Is 18/27 - a/3 composite?
False
Suppose 5*g - 1650 = -4*q, 5*q - 2083 = 2*g + 2*g. Is q a prime number?
False
Let t(p) = 3*p**2 + 0*p**2 - p**3 + 5*p**2 - 8*p + 7. Let c be 0/(-3 + 1) + 6. Is t(c) composite?
False
Suppose s - 5*v + 10 = 0, -5*s + 16 = -2*v - v. Suppose s*o - 2*i - 61 = 0, 4*o - 69 + 15 = -i. Is o a composite number?
False
Suppose -5*b = 25, 14 = 3*i - i - 4*b. Let g be 8/2 - (i - -2). Is -3*5/(g/(-2)) a composite number?
True
Let p(s) = -s**3 - 2*s**2 + 2. Let a be p(-2). Suppose g + a*g - l = -14, 4*l = -4*g + 8. Is 15 + g*6/9 a prime number?
True
Let a = -965 - -1374. Is a a prime number?
True
Let m = -98 + 225. Is m a prime number?
True
Let c(d) = 11*d**2 - 8*d + 33. Is c(8) prime?
True
Let s = -149 - -324. Suppose 4*g + g = s. Is g prime?
False
Suppose 4*a + 1033 - 3017 = 2*q, -3*a + 1487 = -2*q. Is a composite?
True
Let a = -1439 - -4602. Is a prime?
True
Let h be (5 + -1)/((-4)/(-262)). Suppose -p = p - h. Is p composite?
False
Suppose -2*k - g + 223 = -k, -5*g + 892 = 4*k. Is k composite?
False
Let w(p) = -59*p + 1. Let o = -6 + 2. Let m(d) = d + 2. Let l be m(o). Is w(l) a composite number?
True
Is -1 - -207 - (-1 + 4) a prime number?
False
Let s(l) = 25*l - 46. Is s(9) composite?
False
Let u be (-9)/(-6)*2/1. Let f be (1 - 1) + 1 + u. Suppose -141 = -4*q + c, f*c - c = -3*q + 87. Is q composite?
True
Suppose -150 + 6 = -4*a. Let k = a - -107. Is k a composite number?
True
Let k = 697 + 89. Suppose 3*y - k = -3*p, 5*y + 531 = 5*p - 3*p. Is p composite?
False
Let z(v) = 78*v - 2. Let i(r) = 156*r - 4. Let p(a) = -2*i(a) + 5*z(a). Let j be p(5). Suppose -j = -0*q - 4*q. Is q a composite number?
False
Let k = -11 - -15. Let n(l) = -3*l**3 - 2*l**2 - 4*l - 5. Let q(d) = 4*d**3 + d**2 + 4*d + 6. Let o(i) = k*q(i) + 5*n(i). Is o(8) a prime number?
False
Suppose 3*u = 5*u - 5*r + 11, 0 = -2*u + 2*r - 2. Suppose z + 0*z = u. Suppose 0 = 3*y + z*y - 485. Is y a composite number?
False
Let d(z) = z**2 + 7*z - 6. Let f be d(-7). Let k = 28 + f. Is k composite?
True
Let y(o) = -o + 1 - 5*o**2 + 4*o**2 + 18*o**3 - 4*o**3. Let m be -1 - 2/(-3)*3. Is y(m) a composite number?
False
Suppose 5*o = 825 + 520. Is o prime?
True
Let d(t) = 2*t**2 + 5*t + 2. Suppose 0 = 4*u + 9 + 3. Let b be d(u). Suppose -b*g - 263 + 1438 = 0. Is g a composite number?
True
Let r(t) be the second derivative of -t**6/12 - t**5/120 + t**4/4 + 3*t. Let g(p) be the third derivative of r(p). Is g(-1) a composite number?
False
Suppose -5*x + 0*r = -2*r - 921, -4*x + 3*r + 734 = 0. Is x composite?
True
Let c(y) = -y**2 + 11*y. Let d be c(11). Suppose d = 2*w - 662 + 216. Is w prime?
True
Let a = 63 - 108. Let v be ((-4)/10)/(9/a). Suppose v*f + 3*f = 385. Is f prime?
False
Let l(i) = -i**3 - 19*i**2 - 40*i + 31. Is l(-17) a composite number?
True
Let b(t) = 2*t**2 - 2*t. Let p be b(2). Suppose 3*h - 3*c + 21 = -h, h - p*c = -2. Is h/(3 - 0) - -11 prime?
False
Let d = 0 - 4. Let r be ((-1)/3)/(1/(-15)). Is d/(-10) + 593/r a prime number?
False
Suppose 5*o - 31 - 44 = 0. Let n = o + 43. Is n a composite number?
True
Let n(w) = -16*w + 3. Is n(-3) prime?
False
Let r = -59 - -143. Suppose -r = -3*v - v. Is v a composite number?
True
Suppose -5*r + 3043 + 3262 = -2*x, 3*r - 4*x = 3797. Is r composite?
False
Let u(k) = k**2 + 4*k - 1. Let z be u(-5). Suppose -z*n = -n - 165. Is n prime?
False
Let a(i) = 19*i + 1. Let z be a(-9). Let y be 317/(-3) + (-2)/(-3). Let x = y - z. Is x a composite number?
True
Let w = 205 - 136. Is w a composite number?
True
Suppose 2*u = -3*f + 59, -56 = -3*u + u - 2*f. Is u prime?
False
Let i be 21/(1 - -2) + -2. Suppose 10 = 3*l - i. Suppose 14 = 2*k + 4*s, 2*k - 2*s = -l*s + 14. Is k a composite number?
False
Let z be (3/(-6))/(-1)*30. Let n = 23 - z. Let y(v) = 2*v**2 - 5*v - 3. Is y(n) a prime number?
False
Let j(d) = -d**2 + 3*d - 2. Let k be j(1). Suppose 0 = -i - k*i - 4*x + 143, 4*i = 2*x + 518. Is i composite?
False
Let l = -8 - -15. Suppose -l = z + 214. Let o = 390 + z. Is o prime?
False
Let q(c) = -4*c**3 - 2*c**2 - 2*c + 4. Let z be q(-4). Suppose -5*x = -x + z. Let g = x - -92. Is g composite?
True
Let t be 12/(((-30)/4)/5). Let o = 12 + 100. Is o/5 - t/(-20) a composite number?
True
Suppose 0 = 3*u - 2*j + 50, 2*u + 5*j = 4*j - 38. Let v = 1 - u. Let k = v - -6. Is k prime?
False
Suppose 0 = n - 74 + 30. Suppose 2*y - n = 138. Is y prime?
False
Let k(y) = y**2 - y + 70. Suppose 2*f - 3*f - 5 = 0, 4*f = 2*m - 20. Let n be k(m). Suppose 2*r = -0*z + 5*z + n, r - z = 35. Is r prime?
False
Suppose 3*c + 10 = -c + 5*p, 5*c + 29 = -2*p. Let x(a) = a**3 + 6*a**2 + 2*a. Is x(c) prime?
False
Let a(m) = m**2 - 107. Let f be a(0). Let i = 201 + f. Is i composite?
True
Let n be -2 + 1 + (-4)/(-1). Suppose -4*p = -4*j + 616, -p - 750 = -2*j - n*j. Is j prime?
True
Let y = 91 - 27. Suppose t - y - 15 = -5*b, 0 = b - 3*t - 3. Is b composite?
True
Is 663/12 - (-4)/(-16) prime?
False
Let x(a) = -a + 1. Let q(d) = 2*d + 7. Let m(f) = -q(f) + 5*x(f). Is m(-4) prime?
False
Let o(w) = -4*w**2 - 3*w + 3*w**2 - 5 + 5*w**2. Let z be ((-6)/(-7))/(1*2/(-14)). Is o(z) prime?
True
Let w(u) = 0*u - 8*u - 6 + u - 6*u. Is w(-7) a prime number?
False
Let h = -552 - -839. Is h a composite number?
True
Suppose 11 = 3*c - 1. Suppose c*w - 56 = 36. Is w a prime number?
True
Let x = 468 - 269. Suppose 3*m = 4*m - x. Is m a composite number?
False
Suppose 0 = -2*o + 112 - 466. Let z = 97 + -55.